 by q(-1)?
21
Let j = -10 + 16. What is the remainder when 22 is divided by j?
4
Suppose 13*b = 11*b + 64. Calculate the remainder when b is divided by 17.
15
Suppose 20 = c - i - 2*i, 0 = -2*c - 4*i - 10. Suppose 4*k + 2 = c*p, -2*k - 3 - 1 = -4*p. Calculate the remainder when 7 is divided by p.
1
Let v be (-235)/25 - 6/10. Let m = v + 19. Calculate the remainder when 17 is divided by m.
8
Let h(z) = 2*z**2 - 4*z - 7. Calculate the remainder when h(-5) is divided by 33.
30
What is the remainder when 10 is divided by 12/(-5)*(110/(-4))/11?
4
Let h(a) = a**3 + 2*a**2 + 2*a. Let m be h(-5). Let d = m + 126. What is the remainder when d is divided by 22?
19
Suppose -5*z + z + 12 = 0. What is the remainder when 9 is divided by z?
0
Suppose 0 = 3*r - 5*i - 26, r + 5 + 13 = -5*i. Calculate the remainder when 2 is divided by r.
0
Let l = 15 - 7. Let w = l + -4. What is the remainder when 14 is divided by w?
2
Suppose -13*x = -12*x - 11. What is the remainder when 31 is divided by x?
9
Let v = -230 + 395. Calculate the remainder when v is divided by 24.
21
Suppose 0 = 3*y - y - 6. Calculate the remainder when y is divided by 4 - (4 + (-3)/1).
0
Let r(g) = 2*g**3 - 3*g**2. Let m be r(2). Suppose 2*c = m + 10. What is the remainder when 18 is divided by c?
4
Let a(d) = -4*d**3 + 1. Let x(g) = g**3 + 7*g**2 + 7*g + 7. Let n be x(-6). Calculate the remainder when 2*(6 - n) - -3 is divided by a(-1).
3
Let q = -7 - -15. Calculate the remainder when (q/6)/(10/45) is divided by 4.
2
Let v be (-6)/(-1)*(-21)/14. Let d = v - -23. Calculate the remainder when 41 is divided by d.
13
Let m = -119 + 128. Suppose 4*a + 80 = 4*q, -q - 4*a = -0*a. What is the remainder when q is divided by m?
7
Let t = 1 + 8. What is the remainder when 32 is divided by t?
5
Let g(x) = -8*x - 3. Suppose -44 - 4 = -2*c. Calculate the remainder when c is divided by g(-2).
11
Suppose -2*p = -2*a + 22, 3*a + 0*p = p + 23. Suppose b - 5*f - 28 = 0, 0 = -2*b + 2*f - a*f - 14. Calculate the remainder when b is divided by 2.
1
Let d = 6 - -22. Suppose -44 - d = -4*z. Calculate the remainder when z is divided by (-12)/66 + (-112)/(-11).
8
Let b(h) = -h**3 + 7*h**2 + 2*h + 7. What is the remainder when b(7) is divided by 11?
10
Let n = -34 - -17. Let y = 23 + n. Calculate the remainder when 16 is divided by y.
4
Let w be 1/2*(10 - 10). Suppose w*o - o - 15 = -x, 0 = 5*x + 2*o - 82. What is the remainder when 31 is divided by x?
15
What is the remainder when 64 is divided by ((-132)/(-8) + 0)*2?
31
Let n(x) = x**2 + 3*x - 6. Let z(w) = 2*w + 2. What is the remainder when n(4) is divided by z(3)?
6
Let s(v) = 4*v**2 + 12. Calculate the remainder when s(5) is divided by 19.
17
What is the remainder when -4 + 1012/18 + (-6)/27 is divided by 27?
25
Suppose 0 = -2*o + 5*v - 8, o - 3*v = -3 - 0. Let j(y) = -y + 4. What is the remainder when 24 is divided by j(o)?
11
Let s be (-2)/5 + 2/5. Let z be s - (3 - 2)*-3. What is the remainder when (-8 + 3/z)/(-1) is divided by 3?
1
Suppose -1046 - 657 = -13*m. Calculate the remainder when m is divided by 33.
32
Suppose 2*p = 3*p. Suppose p*s - 12 = -s. Calculate the remainder when 35 is divided by s.
11
Let b(t) = -6*t**2 + 7*t**2 - t + 0*t**2 - 3. Suppose 4*z + z = 30. What is the remainder when z is divided by b(3)?
0
Suppose 4*i + 8 - 32 = 0. Suppose -p + 5 = -i. Calculate the remainder when p is divided by 6.
5
Let z(n) = -n**3 - 2*n**2 - n + 1. Let v be z(-2). Let x = v + -1. Calculate the remainder when 44 is divided by ((-12)/x)/((-4)/10).
14
What is the remainder when 23 is divided by 11 + -4 + 3 + -1 - 3?
5
Suppose 5*s - 38 = -3*t - 0*t, 4*s - 16 = 0. Let f be 1062/(-4)*t/(-9). Let b = -123 + f. Calculate the remainder when b is divided by 14.
12
Let b(n) = -4*n**3 - 3*n**2 - 2*n. Suppose -4*t + 3*l = 14, -5*t = 4*l + 5 - 3. What is the remainder when b(t) is divided by 13?
11
Let b(m) = -m + 3. Let z be b(-9). What is the remainder when 22 is divided by z*(-6)/27*-3?
6
Let c(d) = 2*d**2 + d + 1. Let j be c(-1). Let u = 6 - j. Suppose 2*h + 9 = 3*f, 2*f - 4*h - 18 + u = 0. What is the remainder when 2 is divided by f?
0
Suppose 0 = -4*x - c + 114, -x + 4*c = -2*x + 36. What is the remainder when x is divided by 6?
4
What is the remainder when 5 is divided by (-2)/(-6)*(-90)/(-10)?
2
Let j be 2/6 - (-11)/3. Let f be (6/(-9))/(j/(-6)). Calculate the remainder when 41 is divided by (21 - -3) + f*-3.
20
Let j(u) = u**3 + 10*u**2 + 11*u + 21. Calculate the remainder when j(-9) is divided by 1.
0
Let u be (-1 - 12/(-20))*5. Let s(i) = -5*i**3 - i**2 + 4*i + 5. What is the remainder when 63 is divided by s(u)?
30
Let h(b) = b**3 + 2*b**2 - b - 2. Let v be h(-2). Let j(o) = -o**3 + o**2 + o + 5. Calculate the remainder when j(v) is divided by 2.
1
Let a = -29 - -19. Let r(m) = -m**2 - 13*m + 10. Let z be r(a). Let w = -27 + z. Calculate the remainder when 51 is divided by w.
12
Suppose 19 = 2*l + 5*c, -l - 3*c + 9 = -c. Suppose 0 = 4*s - l*s + 42. Calculate the remainder when s is divided by 4.
2
Let k be (-3)/9 - (-7)/3. Calculate the remainder when 8/(-6)*(-15)/k is divided by 4.
2
Suppose 84 = -90*d + 93*d. Calculate the remainder when d is divided by 5.
3
Suppose 4*p - 4*t - 6 = -6*t, 5*t = 5*p - 30. Suppose p*w + 0*w = 30. Calculate the remainder when w is divided by 6.
4
What is the remainder when 5/(3/3)*7 is divided by 12?
11
Let n = 52 + -17. What is the remainder when n is divided by 6?
5
What is the remainder when (7/(-5) + 1)*-180 is divided by 15?
12
Suppose -3*v = -12, -2*b - v = -5*v + 54. Let o = 28 + b. Calculate the remainder when 25 is divided by o.
7
Let u(s) = 2*s**3 - s - 1. What is the remainder when 23 is divided by u(2)?
10
Suppose 35 = -3*q + 17. What is the remainder when 3 is divided by ((-1)/1)/(q/18)?
0
Let s(z) = 2*z + 17. What is the remainder when s(9) is divided by 12?
11
Let h = -9 + 13. What is the remainder when 8 is divided by (h - 5)*-5*1?
3
Suppose -5*j + 275 = 5*t, 5*j + 3 = 2*t - 121. Calculate the remainder when t is divided by 30.
27
Suppose 4 = n - 1. Let f = -20 - -40. Suppose -n*c + f = -3*c. Calculate the remainder when 28 is divided by c.
8
Suppose 0 = -3*v + 90 - 21. What is the remainder when v is divided by 4?
3
Suppose 4*u = -4*w - 0*u + 188, -5*u = 4*w - 187. Suppose 4*d + d + 5 = 0, -5*j + w = -3*d. What is the remainder when 16 is divided by j?
7
Let y(p) = p**3 - 18*p**2 + 19*p - 24. Calculate the remainder when y(17) is divided by 4.
2
Suppose 3*y = -5*f + 8*y + 55, -4*f = 4*y - 20. Let m = f - 1. Calculate the remainder when m is divided by 4.
3
Let m = -5 - -6. Suppose -3*j + 20 + m = 0. What is the remainder when 20 is divided by j?
6
Let u(t) = t**3 - 12*t**2 - 13*t + 17. Calculate the remainder when 47 is divided by u(13).
13
Suppose -6*v + 2*v + 200 = 0. Let n = 50 + -33. What is the remainder when v is divided by n?
16
Suppose -2*k - 9 - 3 = 0. Let x be (9/k)/(4/(-8)). Suppose -s + 1 = 0, 3*q + x*s = -0*q + 18. What is the remainder when q is divided by 3?
2
Let z(b) = -b**2 - 9*b. Let j(m) = -m**2 + 8*m + 6. Let k be j(8). Let u(a) = a**3 - 7*a**2 + 7*a - 3. What is the remainder when z(-8) is divided by u(k)?
2
Let c = 10 + -22. Let d = -9 - c. What is the remainder when 4 is divided by d?
1
Suppose 0 = 17*z - 19*z + 62. Calculate the remainder when z is divided by 11.
9
Let m(z) = 12*z**3. Suppose t = 2*t + 6. Let i = t + 13. What is the remainder when m(1) is divided by i?
5
Let w(z) = z**3 + 5*z**2 + 4. Suppose 0 = -5*r + 2*r - 6. What is the remainder when w(-5) is divided by (4/(-5))/(r/5)?
0
Suppose -d + 70 = -20. Suppose 0 = -0*w - 5*w + d. What is the remainder when 34 is divided by w?
16
Let s = -36 - -37. Let g be -2*1/(-2) + 0. Calculate the remainder when -17*(g + s - 4) is divided by 12.
10
Suppose -4*c + 7 + 49 = 0. What is the remainder when 55 is divided by c?
13
Let c be (0/(-3))/(-1 + 0). Suppose 2*w - 25 - 19 = c. Calculate the remainder when w is divided by 12.
10
Suppose -4*u + 27 = -25. Let s = -55 - -92. Calculate the remainder when s is divided by u.
11
Suppose 36*y - 55 = 31*y. What is the remainder when 19 is divided by y?
8
Suppose 4*f + 0*f = 4. Suppose 3*w = 0, 3*x - 1 = 5*w - 10. Let r = 5 + x. Calculate the remainder when r is divided by f.
0
Suppose 4*y + 3